{"id":852,"date":"2019-08-16T11:07:53","date_gmt":"2019-08-16T15:07:53","guid":{"rendered":"https:\/\/unitedwayeo.ca\/about-us\/leadership-team\/copy-of-gord-watts\/"},"modified":"2019-09-10T10:56:40","modified_gmt":"2019-09-10T14:56:40","slug":"gord-watts","status":"publish","type":"page","link":"https:\/\/unitedwayeo.mydev.ca\/fr\/a-propos-de-nous\/equipe-de-direction\/gord-watts\/","title":{"rendered":"Gord Watts"},"content":{"rendered":"\t\t<div data-elementor-type=\"wp-page\" data-elementor-id=\"852\" class=\"elementor elementor-852 elementor-829\" data-elementor-post-type=\"page\">\n\t\t\t\t\t\t<section class=\"elementor-section elementor-top-section elementor-element elementor-element-4fdd2f33 elementor-section-boxed elementor-section-height-default elementor-section-height-default\" data-id=\"4fdd2f33\" data-element_type=\"section\">\n\t\t\t\t\t\t<div class=\"elementor-container elementor-column-gap-default\">\n\t\t\t\t\t<div class=\"elementor-column elementor-col-100 elementor-top-column elementor-element elementor-element-7d4f2ade\" data-id=\"7d4f2ade\" data-element_type=\"column\">\n\t\t\t<div class=\"elementor-widget-wrap elementor-element-populated\">\n\t\t\t\t\t\t<div class=\"elementor-element elementor-element-69f10622 elementor-widget elementor-widget-spacer\" data-id=\"69f10622\" data-element_type=\"widget\" data-widget_type=\"spacer.default\">\n\t\t\t\t<div class=\"elementor-widget-container\">\n\t\t\t\t\t<div class=\"elementor-spacer\">\n\t\t\t<div class=\"elementor-spacer-inner\"><\/div>\n\t\t<\/div>\n\t\t\t\t<\/div>\n\t\t\t\t<\/div>\n\t\t\t\t\t<\/div>\n\t\t<\/div>\n\t\t\t\t\t<\/div>\n\t\t<\/section>\n\t\t\t\t<section class=\"elementor-section elementor-top-section elementor-element elementor-element-5d5a6d68 elementor-section-boxed elementor-section-height-default elementor-section-height-default\" data-id=\"5d5a6d68\" data-element_type=\"section\">\n\t\t\t\t\t\t<div class=\"elementor-container elementor-column-gap-default\">\n\t\t\t\t\t<div class=\"elementor-column elementor-col-100 elementor-top-column elementor-element elementor-element-774e194f\" data-id=\"774e194f\" data-element_type=\"column\">\n\t\t\t<div class=\"elementor-widget-wrap elementor-element-populated\">\n\t\t\t\t\t\t<div class=\"elementor-element elementor-element-7111bc37 elementor-widget elementor-widget-heading\" data-id=\"7111bc37\" data-element_type=\"widget\" data-widget_type=\"heading.default\">\n\t\t\t\t<div class=\"elementor-widget-container\">\n\t\t\t<h1 class=\"elementor-heading-title elementor-size-default\">Gord Watts<\/h1>\t\t<\/div>\n\t\t\t\t<\/div>\n\t\t\t\t<div class=\"elementor-element elementor-element-b7e2e67 elementor-widget elementor-widget-heading\" data-id=\"b7e2e67\" data-element_type=\"widget\" data-widget_type=\"heading.default\">\n\t\t\t\t<div class=\"elementor-widget-container\">\n\t\t\t<h3 class=\"elementor-heading-title elementor-size-default\">Vice pr\u00e9sident, Marketing et communications<\/h3>\t\t<\/div>\n\t\t\t\t<\/div>\n\t\t\t\t\t<\/div>\n\t\t<\/div>\n\t\t\t\t\t<\/div>\n\t\t<\/section>\n\t\t\t\t<section class=\"elementor-section elementor-top-section elementor-element elementor-element-55436a26 elementor-section-boxed elementor-section-height-default elementor-section-height-default\" data-id=\"55436a26\" data-element_type=\"section\">\n\t\t\t\t\t\t<div class=\"elementor-container elementor-column-gap-default\">\n\t\t\t\t\t<div class=\"elementor-column elementor-col-33 elementor-top-column elementor-element elementor-element-224b1dce\" data-id=\"224b1dce\" data-element_type=\"column\">\n\t\t\t<div class=\"elementor-widget-wrap elementor-element-populated\">\n\t\t\t\t\t\t<div class=\"elementor-element elementor-element-9fc547a elementor-widget elementor-widget-image\" data-id=\"9fc547a\" data-element_type=\"widget\" data-widget_type=\"image.default\">\n\t\t\t\t<div class=\"elementor-widget-container\">\n\t\t\t\t\t\t\t\t\t\t\t\t\t<img fetchpriority=\"high\" decoding=\"async\" width=\"800\" height=\"911\" src=\"https:\/\/unitedwayeo.mydev.ca\/wp-content\/uploads\/2019\/08\/gord-watts.png\" class=\"attachment-large size-large wp-image-817\" alt=\"A photo of Gord Watts\" srcset=\"https:\/\/unitedwayeo.mydev.ca\/wp-content\/uploads\/2019\/08\/gord-watts.png 800w, https:\/\/unitedwayeo.mydev.ca\/wp-content\/uploads\/2019\/08\/gord-watts-263x300.png 263w, https:\/\/unitedwayeo.mydev.ca\/wp-content\/uploads\/2019\/08\/gord-watts-768x875.png 768w\" sizes=\"(max-width: 800px) 100vw, 800px\" \/>\t\t\t\t\t\t\t\t\t\t\t\t\t<\/div>\n\t\t\t\t<\/div>\n\t\t\t\t\t<\/div>\n\t\t<\/div>\n\t\t\t\t<div class=\"elementor-column elementor-col-66 elementor-top-column elementor-element elementor-element-6d507f4f\" data-id=\"6d507f4f\" data-element_type=\"column\">\n\t\t\t<div class=\"elementor-widget-wrap elementor-element-populated\">\n\t\t\t\t\t\t<div class=\"elementor-element elementor-element-2a519c4b elementor-widget elementor-widget-text-editor\" data-id=\"2a519c4b\" data-element_type=\"widget\" data-widget_type=\"text-editor.default\">\n\t\t\t\t<div class=\"elementor-widget-container\">\n\t\t\t\t\t\t\t<p>Gord est n\u00e9 et a grandi \u00e0 Ottawa, mais il a temporairement quitt\u00e9 la ville pour poursuivre des \u00e9tudes postsecondaires et pour entamer sa carri\u00e8re. En 1990, il est revenu s\u2019y \u00e9tablir et y fonder une famille. \u00c0 la fin de 2016, apr\u00e8s une longue carri\u00e8re r\u00e9ussie dans les domaines de la technologie et de la radiodiffusion, Gord s\u2019est joint \u00e0 Centraide pour apporter son expertise au domaine philanthropique. \u00ab J\u2019ai eu de nombreux avantages et occasions dans ma vie. C\u2019est pourquoi je d\u00e9sirais ardemment utiliser mon talent pour aider les autres, dit-il. Tous les jours que je passe \u00e0 Centraide m\u2019apportent beaucoup de satisfaction, et je sais que notre travail riche de sens a une valeur profonde. \u00bb<\/p><p>Avant sa carri\u00e8re \u00e0 Centraide, Gord a travaill\u00e9 pendant 16\u00a0ans \u00e0 titre de vice-pr\u00e9sident de soci\u00e9t\u00e9 responsable du marketing au sein de trois fabricants de logiciels dans la r\u00e9gion d\u2019Ottawa. Il compte \u00e9galement une d\u00e9cennie d\u2019exp\u00e9rience \u00e0 titre de directeur de gestion aupr\u00e8s d\u2019entreprises des domaines de la technologie et des m\u00e9dias. Gord d\u00e9tient un dipl\u00f4me universitaire en \u00e9conomie de l\u2019Universit\u00e9 Queen\u2019s et un dipl\u00f4me coll\u00e9gial en radiodiffusion. Il a si\u00e9g\u00e9 au conseil consultatif de deux coll\u00e8ges communautaires et a enseign\u00e9 le marketing \u00e0 temps partiel \u00e0 l\u2019\u00e9cole des affaires du Coll\u00e8ge Algonquin.<\/p>\t\t\t\t\t\t<\/div>\n\t\t\t\t<\/div>\n\t\t\t\t<div class=\"elementor-element elementor-element-cb7862c elementor-shape-circle e-grid-align-left elementor-grid-0 elementor-widget elementor-widget-social-icons\" data-id=\"cb7862c\" data-element_type=\"widget\" data-widget_type=\"social-icons.default\">\n\t\t\t\t<div class=\"elementor-widget-container\">\n\t\t\t\t\t<div class=\"elementor-social-icons-wrapper elementor-grid\">\n\t\t\t\t\t\t\t<span class=\"elementor-grid-item\">\n\t\t\t\t\t<a class=\"elementor-icon elementor-social-icon elementor-social-icon-linkedin elementor-repeater-item-3c00309\" href=\"https:\/\/www.linkedin.com\/in\/gord-watts-b9583b\/\" target=\"_blank\">\n\t\t\t\t\t\t<span class=\"elementor-screen-only\">Linkedin<\/span>\n\t\t\t\t\t\t<i class=\"fab fa-linkedin\"><\/i>\t\t\t\t\t<\/a>\n\t\t\t\t<\/span>\n\t\t\t\t\t<\/div>\n\t\t\t\t<\/div>\n\t\t\t\t<\/div>\n\t\t\t\t\t<\/div>\n\t\t<\/div>\n\t\t\t\t\t<\/div>\n\t\t<\/section>\n\t\t\t\t<section class=\"elementor-section elementor-top-section elementor-element elementor-element-6788d8ab elementor-section-boxed elementor-section-height-default elementor-section-height-default\" data-id=\"6788d8ab\" data-element_type=\"section\">\n\t\t\t\t\t\t<div class=\"elementor-container elementor-column-gap-default\">\n\t\t\t\t\t<div class=\"elementor-column elementor-col-100 elementor-top-column elementor-element elementor-element-2eb83996\" data-id=\"2eb83996\" data-element_type=\"column\">\n\t\t\t<div class=\"elementor-widget-wrap elementor-element-populated\">\n\t\t\t\t\t\t<div class=\"elementor-element elementor-element-734938b9 elementor-widget-divider--view-line elementor-widget elementor-widget-divider\" data-id=\"734938b9\" data-element_type=\"widget\" data-widget_type=\"divider.default\">\n\t\t\t\t<div class=\"elementor-widget-container\">\n\t\t\t\t\t<div class=\"elementor-divider\">\n\t\t\t<span class=\"elementor-divider-separator\">\n\t\t\t\t\t\t<\/span>\n\t\t<\/div>\n\t\t\t\t<\/div>\n\t\t\t\t<\/div>\n\t\t\t\t\t<\/div>\n\t\t<\/div>\n\t\t\t\t\t<\/div>\n\t\t<\/section>\n\t\t\t\t<section class=\"elementor-section elementor-top-section elementor-element elementor-element-301beb7 elementor-section-boxed elementor-section-height-default elementor-section-height-default\" data-id=\"301beb7\" data-element_type=\"section\">\n\t\t\t\t\t\t<div class=\"elementor-container elementor-column-gap-default\">\n\t\t\t\t\t<div class=\"elementor-column elementor-col-100 elementor-top-column elementor-element elementor-element-1c8bdd00\" data-id=\"1c8bdd00\" data-element_type=\"column\">\n\t\t\t<div class=\"elementor-widget-wrap elementor-element-populated\">\n\t\t\t\t\t\t<div class=\"elementor-element elementor-element-2d65ebd8 elementor-align-center elementor-widget elementor-widget-button\" data-id=\"2d65ebd8\" data-element_type=\"widget\" data-widget_type=\"button.default\">\n\t\t\t\t<div class=\"elementor-widget-container\">\n\t\t\t\t\t<div class=\"elementor-button-wrapper\">\n\t\t\t<a class=\"elementor-button elementor-button-link elementor-size-md\" href=\"\/fr\/a-propos-de-nous\/leadership-team-fr\/\">\n\t\t\t\t\t\t<span class=\"elementor-button-content-wrapper\">\n\t\t\t\t\t\t\t\t\t<span class=\"elementor-button-text\">Voici l'\u00e9quipe de leadership<\/span>\n\t\t\t\t\t<\/span>\n\t\t\t\t\t<\/a>\n\t\t<\/div>\n\t\t\t\t<\/div>\n\t\t\t\t<\/div>\n\t\t\t\t\t<\/div>\n\t\t<\/div>\n\t\t\t\t\t<\/div>\n\t\t<\/section>\n\t\t\t\t<section class=\"elementor-section elementor-top-section elementor-element elementor-element-4a3b17ee elementor-section-boxed elementor-section-height-default elementor-section-height-default\" data-id=\"4a3b17ee\" data-element_type=\"section\">\n\t\t\t\t\t\t<div class=\"elementor-container elementor-column-gap-default\">\n\t\t\t\t\t<div class=\"elementor-column elementor-col-100 elementor-top-column elementor-element elementor-element-3ebe274b\" data-id=\"3ebe274b\" data-element_type=\"column\">\n\t\t\t<div class=\"elementor-widget-wrap elementor-element-populated\">\n\t\t\t\t\t\t<div class=\"elementor-element elementor-element-24adba85 elementor-widget elementor-widget-spacer\" data-id=\"24adba85\" data-element_type=\"widget\" data-widget_type=\"spacer.default\">\n\t\t\t\t<div class=\"elementor-widget-container\">\n\t\t\t\t\t<div class=\"elementor-spacer\">\n\t\t\t<div class=\"elementor-spacer-inner\"><\/div>\n\t\t<\/div>\n\t\t\t\t<\/div>\n\t\t\t\t<\/div>\n\t\t\t\t\t<\/div>\n\t\t<\/div>\n\t\t\t\t\t<\/div>\n\t\t<\/section>\n\t\t\t\t<\/div>\n\t\t","protected":false},"excerpt":{"rendered":"<p>Gord Watts Vice pr\u00e9sident, Marketing et communications Gord est n\u00e9 et a grandi \u00e0 Ottawa, mais il a temporairement quitt\u00e9 la ville pour poursuivre des \u00e9tudes postsecondaires et pour entamer sa carri\u00e8re. En 1990, il est revenu s\u2019y \u00e9tablir et y fonder une famille. \u00c0 la fin de 2016, apr\u00e8s une longue carri\u00e8re r\u00e9ussie dans &#8230; <a title=\"Gord Watts\" class=\"read-more\" href=\"https:\/\/unitedwayeo.mydev.ca\/fr\/a-propos-de-nous\/equipe-de-direction\/gord-watts\/\" aria-label=\"Plus sur Gord Watts\">Lire plus<\/a><\/p>\n","protected":false},"author":8,"featured_media":0,"parent":830,"menu_order":0,"comment_status":"closed","ping_status":"closed","template":"","meta":{"_acf_changed":false,"footnotes":""},"tags":[],"hashtags":[],"regions":[],"class_list":["post-852","page","type-page","status-publish"],"acf":[],"aioseo_notices":[],"publishpress_future_action":{"enabled":false,"date":"2026-09-12 14:25:35","action":"change-status","newStatus":"draft","terms":[],"taxonomy":"regions"},"_links":{"self":[{"href":"https:\/\/unitedwayeo.mydev.ca\/fr\/wp-json\/wp\/v2\/pages\/852"}],"collection":[{"href":"https:\/\/unitedwayeo.mydev.ca\/fr\/wp-json\/wp\/v2\/pages"}],"about":[{"href":"https:\/\/unitedwayeo.mydev.ca\/fr\/wp-json\/wp\/v2\/types\/page"}],"author":[{"embeddable":true,"href":"https:\/\/unitedwayeo.mydev.ca\/fr\/wp-json\/wp\/v2\/users\/8"}],"replies":[{"embeddable":true,"href":"https:\/\/unitedwayeo.mydev.ca\/fr\/wp-json\/wp\/v2\/comments?post=852"}],"version-history":[{"count":4,"href":"https:\/\/unitedwayeo.mydev.ca\/fr\/wp-json\/wp\/v2\/pages\/852\/revisions"}],"predecessor-version":[{"id":33040,"href":"https:\/\/unitedwayeo.mydev.ca\/fr\/wp-json\/wp\/v2\/pages\/852\/revisions\/33040"}],"up":[{"embeddable":true,"href":"https:\/\/unitedwayeo.mydev.ca\/fr\/wp-json\/wp\/v2\/pages\/830"}],"wp:attachment":[{"href":"https:\/\/unitedwayeo.mydev.ca\/fr\/wp-json\/wp\/v2\/media?parent=852"}],"wp:term":[{"taxonomy":"post_tag","embeddable":true,"href":"https:\/\/unitedwayeo.mydev.ca\/fr\/wp-json\/wp\/v2\/tags?post=852"},{"taxonomy":"hashtags","embeddable":true,"href":"https:\/\/unitedwayeo.mydev.ca\/fr\/wp-json\/wp\/v2\/hashtags?post=852"},{"taxonomy":"regions","embeddable":true,"href":"https:\/\/unitedwayeo.mydev.ca\/fr\/wp-json\/wp\/v2\/regions?post=852"}],"curies":[{"name":"wp","href":"https:\/\/api.w.org\/{rel}","templated":true}]}}

<div data-elementor-type="wp-page" data-elementor-id="852" class="elementor elementor-852 elementor-829" data-elementor-post-type="page">
						<section class="elementor-section elementor-top-section elementor-element elementor-element-4fdd2f33 elementor-section-boxed elementor-section-height-default elementor-section-height-default" data-id="4fdd2f33" data-element_type="section">
						<div class="elementor-container elementor-column-gap-default">
					<div class="elementor-column elementor-col-100 elementor-top-column elementor-element elementor-element-7d4f2ade" data-id="7d4f2ade" data-element_type="column">
			<div class="elementor-widget-wrap elementor-element-populated">
						<div class="elementor-element elementor-element-69f10622 elementor-widget elementor-widget-spacer" data-id="69f10622" data-element_type="widget" data-widget_type="spacer.default">
				<div class="elementor-widget-container">
					<div class="elementor-spacer">
			<div class="elementor-spacer-inner"></div>
		</div>
				</div>
				</div>
					</div>
		</div>
					</div>
		</section>
				<section class="elementor-section elementor-top-section elementor-element elementor-element-5d5a6d68 elementor-section-boxed elementor-section-height-default elementor-section-height-default" data-id="5d5a6d68" data-element_type="section">
						<div class="elementor-container elementor-column-gap-default">
					<div class="elementor-column elementor-col-100 elementor-top-column elementor-element elementor-element-774e194f" data-id="774e194f" data-element_type="column">
			<div class="elementor-widget-wrap elementor-element-populated">
						<div class="elementor-element elementor-element-7111bc37 elementor-widget elementor-widget-heading" data-id="7111bc37" data-element_type="widget" data-widget_type="heading.default">
				<div class="elementor-widget-container">
			<h1 class="elementor-heading-title elementor-size-default">Gord Watts</h1>		</div>
				</div>
				<div class="elementor-element elementor-element-b7e2e67 elementor-widget elementor-widget-heading" data-id="b7e2e67" data-element_type="widget" data-widget_type="heading.default">
				<div class="elementor-widget-container">
			<h3 class="elementor-heading-title elementor-size-default">Vice président, Marketing et communications</h3>		</div>
				</div>
					</div>
		</div>
					</div>
		</section>
				<section class="elementor-section elementor-top-section elementor-element elementor-element-55436a26 elementor-section-boxed elementor-section-height-default elementor-section-height-default" data-id="55436a26" data-element_type="section">
						<div class="elementor-container elementor-column-gap-default">
					<div class="elementor-column elementor-col-33 elementor-top-column elementor-element elementor-element-224b1dce" data-id="224b1dce" data-element_type="column">
			<div class="elementor-widget-wrap elementor-element-populated">
						<div class="elementor-element elementor-element-9fc547a elementor-widget elementor-widget-image" data-id="9fc547a" data-element_type="widget" data-widget_type="image.default">
				<div class="elementor-widget-container">
													<img fetchpriority="high" decoding="async" width="800" height="911" src="https://unitedwayeo.mydev.ca/wp-content/uploads/2019/08/gord-watts.png" class="attachment-large size-large wp-image-817" alt="A photo of Gord Watts" srcset="https://unitedwayeo.mydev.ca/wp-content/uploads/2019/08/gord-watts.png 800w, https://unitedwayeo.mydev.ca/wp-content/uploads/2019/08/gord-watts-263x300.png 263w, https://unitedwayeo.mydev.ca/wp-content/uploads/2019/08/gord-watts-768x875.png 768w" sizes="(max-width: 800px) 100vw, 800px" />													</div>
				</div>
					</div>
		</div>
				<div class="elementor-column elementor-col-66 elementor-top-column elementor-element elementor-element-6d507f4f" data-id="6d507f4f" data-element_type="column">
			<div class="elementor-widget-wrap elementor-element-populated">
						<div class="elementor-element elementor-element-2a519c4b elementor-widget elementor-widget-text-editor" data-id="2a519c4b" data-element_type="widget" data-widget_type="text-editor.default">
				<div class="elementor-widget-container">
							<p>Gord est né et a grandi à Ottawa, mais il a temporairement quitté la ville pour poursuivre des études postsecondaires et pour entamer sa carrière. En 1990, il est revenu s’y établir et y fonder une famille. À la fin de 2016, après une longue carrière réussie dans les domaines de la technologie et de la radiodiffusion, Gord s’est joint à Centraide pour apporter son expertise au domaine philanthropique. « J’ai eu de nombreux avantages et occasions dans ma vie. C’est pourquoi je désirais ardemment utiliser mon talent pour aider les autres, dit-il. Tous les jours que je passe à Centraide m’apportent beaucoup de satisfaction, et je sais que notre travail riche de sens a une valeur profonde. »</p><p>Avant sa carrière à Centraide, Gord a travaillé pendant 16 ans à titre de vice-président de société responsable du marketing au sein de trois fabricants de logiciels dans la région d’Ottawa. Il compte également une décennie d’expérience à titre de directeur de gestion auprès d’entreprises des domaines de la technologie et des médias. Gord détient un diplôme universitaire en économie de l’Université Queen’s et un diplôme collégial en radiodiffusion. Il a siégé au conseil consultatif de deux collèges communautaires et a enseigné le marketing à temps partiel à l’école des affaires du Collège Algonquin.</p>						</div>
				</div>
				<div class="elementor-element elementor-element-cb7862c elementor-shape-circle e-grid-align-left elementor-grid-0 elementor-widget elementor-widget-social-icons" data-id="cb7862c" data-element_type="widget" data-widget_type="social-icons.default">
				<div class="elementor-widget-container">
					<div class="elementor-social-icons-wrapper elementor-grid">
							<span class="elementor-grid-item">
					<a class="elementor-icon elementor-social-icon elementor-social-icon-linkedin elementor-repeater-item-3c00309" href="https://www.linkedin.com/in/gord-watts-b9583b/" target="_blank">
						<span class="elementor-screen-only">Linkedin</span>
						<i class="fab fa-linkedin"></i>					</a>
				</span>
					</div>
				</div>
				</div>
					</div>
		</div>
					</div>
		</section>
				<section class="elementor-section elementor-top-section elementor-element elementor-element-6788d8ab elementor-section-boxed elementor-section-height-default elementor-section-height-default" data-id="6788d8ab" data-element_type="section">
						<div class="elementor-container elementor-column-gap-default">
					<div class="elementor-column elementor-col-100 elementor-top-column elementor-element elementor-element-2eb83996" data-id="2eb83996" data-element_type="column">
			<div class="elementor-widget-wrap elementor-element-populated">
						<div class="elementor-element elementor-element-734938b9 elementor-widget-divider--view-line elementor-widget elementor-widget-divider" data-id="734938b9" data-element_type="widget" data-widget_type="divider.default">
				<div class="elementor-widget-container">
					<div class="elementor-divider">
			<span class="elementor-divider-separator">
						</span>
		</div>
				</div>
				</div>
					</div>
		</div>
					</div>
		</section>
				<section class="elementor-section elementor-top-section elementor-element elementor-element-301beb7 elementor-section-boxed elementor-section-height-default elementor-section-height-default" data-id="301beb7" data-element_type="section">
						<div class="elementor-container elementor-column-gap-default">
					<div class="elementor-column elementor-col-100 elementor-top-column elementor-element elementor-element-1c8bdd00" data-id="1c8bdd00" data-element_type="column">
			<div class="elementor-widget-wrap elementor-element-populated">
						<div class="elementor-element elementor-element-2d65ebd8 elementor-align-center elementor-widget elementor-widget-button" data-id="2d65ebd8" data-element_type="widget" data-widget_type="button.default">
				<div class="elementor-widget-container">
					<div class="elementor-button-wrapper">
			<a class="elementor-button elementor-button-link elementor-size-md" href="/fr/a-propos-de-nous/leadership-team-fr/">
						<span class="elementor-button-content-wrapper">
									<span class="elementor-button-text">Voici l'équipe de leadership</span>
					</span>
					</a>
		</div>
				</div>
				</div>
					</div>
		</div>
					</div>
		</section>
				<section class="elementor-section elementor-top-section elementor-element elementor-element-4a3b17ee elementor-section-boxed elementor-section-height-default elementor-section-height-default" data-id="4a3b17ee" data-element_type="section">
						<div class="elementor-container elementor-column-gap-default">
					<div class="elementor-column elementor-col-100 elementor-top-column elementor-element elementor-element-3ebe274b" data-id="3ebe274b" data-element_type="column">
			<div class="elementor-widget-wrap elementor-element-populated">
						<div class="elementor-element elementor-element-24adba85 elementor-widget elementor-widget-spacer" data-id="24adba85" data-element_type="widget" data-widget_type="spacer.default">
				<div class="elementor-widget-container">
					<div class="elementor-spacer">
			<div class="elementor-spacer-inner"></div>
		</div>
				</div>
				</div>
					</div>
		</div>
					</div>
		</section>
				</div>

<p>Gord Watts Vice président, Marketing et communications Gord est né et a grandi à Ottawa, mais il a temporairement quitté la ville pour poursuivre des études postsecondaires et pour entamer sa carrière. En 1990, il est revenu s’y établir et y fonder une famille. À la fin de 2016, après une longue carrière réussie dans &#8230; <a title="Gord Watts" class="read-more" href="https://unitedwayeo.mydev.ca/fr/a-propos-de-nous/equipe-de-direction/gord-watts/" aria-label="Plus sur Gord Watts">Lire plus</a></p>
