{"id":31038,"date":"2019-08-29T10:40:29","date_gmt":"2019-08-29T14:40:29","guid":{"rendered":"https:\/\/unitedwayeo.mydev.ca\/get-involved\/volunteer-opportunities\/copy-of-community-action-day\/"},"modified":"2019-09-07T18:34:15","modified_gmt":"2019-09-07T22:34:15","slug":"journee-daction-communautaire","status":"publish","type":"page","link":"https:\/\/unitedwayeo.mydev.ca\/fr\/engagement\/occasions-de-benevolat\/journee-daction-communautaire\/","title":{"rendered":"Journ\u00e9e d\u2019action communautaire"},"content":{"rendered":"\t\t<div data-elementor-type=\"wp-page\" data-elementor-id=\"31038\" class=\"elementor elementor-31038 elementor-29324\" data-elementor-post-type=\"page\">\n\t\t\t\t\t\t<section class=\"elementor-section elementor-top-section elementor-element elementor-element-752fb567 elementor-section-boxed elementor-section-height-default elementor-section-height-default\" data-id=\"752fb567\" data-element_type=\"section\">\n\t\t\t\t\t\t<div class=\"elementor-container elementor-column-gap-default\">\n\t\t\t\t\t<div class=\"elementor-column elementor-col-50 elementor-top-column elementor-element elementor-element-5dcced86\" data-id=\"5dcced86\" data-element_type=\"column\">\n\t\t\t<div class=\"elementor-widget-wrap elementor-element-populated\">\n\t\t\t\t\t\t<div class=\"elementor-element elementor-element-59f5b04 elementor-widget elementor-widget-image\" data-id=\"59f5b04\" data-element_type=\"widget\" data-widget_type=\"image.default\">\n\t\t\t\t<div class=\"elementor-widget-container\">\n\t\t\t\t\t\t\t\t\t\t\t\t\t<img fetchpriority=\"high\" decoding=\"async\" width=\"800\" height=\"400\" src=\"https:\/\/unitedwayeo.mydev.ca\/wp-content\/uploads\/2019\/08\/community-action-day-header-en.jpg\" class=\"attachment-full size-full wp-image-29322\" alt=\"An illustration of many people standing in front of a city made up of tall buildings surrounded by trees, clouds and green grass.\" srcset=\"https:\/\/unitedwayeo.mydev.ca\/wp-content\/uploads\/2019\/08\/community-action-day-header-en.jpg 800w, https:\/\/unitedwayeo.mydev.ca\/wp-content\/uploads\/2019\/08\/community-action-day-header-en-300x150.jpg 300w, https:\/\/unitedwayeo.mydev.ca\/wp-content\/uploads\/2019\/08\/community-action-day-header-en-768x384.jpg 768w\" sizes=\"(max-width: 800px) 100vw, 800px\" \/>\t\t\t\t\t\t\t\t\t\t\t\t\t<\/div>\n\t\t\t\t<\/div>\n\t\t\t\t<div class=\"elementor-element elementor-element-636e9c26 elementor-widget elementor-widget-heading\" data-id=\"636e9c26\" data-element_type=\"widget\" data-widget_type=\"heading.default\">\n\t\t\t\t<div class=\"elementor-widget-container\">\n\t\t\t<h3 class=\"elementor-heading-title elementor-size-default\">Les journ\u00e9es d\u2019action communautaire associent des \u00e9quipes en milieu de travail \u00e0 des organismes locaux pour leur permettre de travailler ensemble et de participer \u00e0 un projet b\u00e9n\u00e9vole. <\/h3>\t\t<\/div>\n\t\t\t\t<\/div>\n\t\t\t\t<div class=\"elementor-element elementor-element-1b22e777 elementor-widget elementor-widget-text-editor\" data-id=\"1b22e777\" data-element_type=\"widget\" data-widget_type=\"text-editor.default\">\n\t\t\t\t<div class=\"elementor-widget-container\">\n\t\t\t\t\t\t\t<p>Les b\u00e9n\u00e9voles en milieu de travail ont alors l\u2019occasion de retrousser leurs manches et de faire don de leur temps, de leurs comp\u00e9tences et de leur expertise. En se faisant, ils viennent en aide \u00e0 un organisme communautaire et ont une merveilleuse exp\u00e9rience de renforcement d\u2019\u00e9quipe. En plus de b\u00e9n\u00e9ficier du dynamisme de b\u00e9n\u00e9voles pour des projets sp\u00e9ciaux, les organismes communautaires ont l\u2019occasion de parler de de l\u2019importance de leur travail.<\/p><p>Les occasions de b\u00e9n\u00e9volat sont vari\u00e9es et gratifiantes. Elles peuvent entre autres comprendre le service des repas aux personnes \u00e2g\u00e9es dans le cadre d\u2019un \u00e9v\u00e9nement sp\u00e9cial, le nettoyage ou la peinture d\u2019un centre de jeunesse, l\u2019embellissement de parcs, la plantation d\u2019un nouveau jardin ou la prestation de services professionnels.<\/p>\t\t\t\t\t\t<\/div>\n\t\t\t\t<\/div>\n\t\t\t\t<div class=\"elementor-element elementor-element-4ee169e elementor-widget elementor-widget-button\" data-id=\"4ee169e\" data-element_type=\"widget\" data-widget_type=\"button.default\">\n\t\t\t\t<div class=\"elementor-widget-container\">\n\t\t\t\t\t<div class=\"elementor-button-wrapper\">\n\t\t\t<a class=\"elementor-button elementor-button-link elementor-size-md\" href=\"https:\/\/www.eventbrite.ca\/e\/community-action-day-july-16th-tickets-62587742623\" target=\"_blank\">\n\t\t\t\t\t\t<span class=\"elementor-button-content-wrapper\">\n\t\t\t\t\t\t\t\t\t<span class=\"elementor-button-text\">Inscrivez-vous d\u00e8s maintenant<\/span>\n\t\t\t\t\t<\/span>\n\t\t\t\t\t<\/a>\n\t\t<\/div>\n\t\t\t\t<\/div>\n\t\t\t\t<\/div>\n\t\t\t\t<div class=\"elementor-element elementor-element-b7a5ccd elementor-widget elementor-widget-image\" data-id=\"b7a5ccd\" data-element_type=\"widget\" data-widget_type=\"image.default\">\n\t\t\t\t<div class=\"elementor-widget-container\">\n\t\t\t\t\t\t\t\t\t\t\t\t\t<img decoding=\"async\" width=\"625\" height=\"438\" src=\"https:\/\/unitedwayeo.mydev.ca\/wp-content\/uploads\/2019\/08\/cad-thumbnail.jpg\" class=\"attachment-full size-full wp-image-29325\" alt=\"A photo of Community Action Day participants.\" srcset=\"https:\/\/unitedwayeo.mydev.ca\/wp-content\/uploads\/2019\/08\/cad-thumbnail.jpg 625w, https:\/\/unitedwayeo.mydev.ca\/wp-content\/uploads\/2019\/08\/cad-thumbnail-300x210.jpg 300w\" sizes=\"(max-width: 625px) 100vw, 625px\" \/>\t\t\t\t\t\t\t\t\t\t\t\t\t<\/div>\n\t\t\t\t<\/div>\n\t\t\t\t\t<\/div>\n\t\t<\/div>\n\t\t\t\t<div class=\"elementor-column elementor-col-50 elementor-top-column elementor-element elementor-element-fa321fb\" data-id=\"fa321fb\" data-element_type=\"column\">\n\t\t\t<div class=\"elementor-widget-wrap elementor-element-populated\">\n\t\t\t\t\t\t<div class=\"elementor-element elementor-element-c16d809 elementor-widget elementor-widget-heading\" data-id=\"c16d809\" data-element_type=\"widget\" data-widget_type=\"heading.default\">\n\t\t\t\t<div class=\"elementor-widget-container\">\n\t\t\t<h5 class=\"elementor-heading-title elementor-size-default\">Plus d'information<\/h5>\t\t<\/div>\n\t\t\t\t<\/div>\n\t\t\t\t<div class=\"elementor-element elementor-element-79c98c8 elementor-widget elementor-widget-text-editor\" data-id=\"79c98c8\" data-element_type=\"widget\" data-widget_type=\"text-editor.default\">\n\t\t\t\t<div class=\"elementor-widget-container\">\n\t\t\t\t\t\t\t<p><em>Pour obtenir de plus amples renseignements, veuillez communiquer avec Jennifer Bazinet, par courriel, \u00e0 <\/em><a href=\"mailto:jbazinet@centraideeo.ca\"><em>jbazinet@centraideeo.ca<\/em><\/a><\/p>\t\t\t\t\t\t<\/div>\n\t\t\t\t<\/div>\n\t\t\t\t\t<\/div>\n\t\t<\/div>\n\t\t\t\t\t<\/div>\n\t\t<\/section>\n\t\t\t\t<section class=\"elementor-section elementor-top-section elementor-element elementor-element-6da2c7a9 elementor-section-boxed elementor-section-height-default elementor-section-height-default\" data-id=\"6da2c7a9\" data-element_type=\"section\">\n\t\t\t\t\t\t<div class=\"elementor-container elementor-column-gap-default\">\n\t\t\t\t\t<div class=\"elementor-column elementor-col-100 elementor-top-column elementor-element elementor-element-6e69e1f6\" data-id=\"6e69e1f6\" data-element_type=\"column\">\n\t\t\t<div class=\"elementor-widget-wrap elementor-element-populated\">\n\t\t\t\t\t\t<div class=\"elementor-element elementor-element-4e739950 elementor-widget elementor-widget-spacer\" data-id=\"4e739950\" data-element_type=\"widget\" data-widget_type=\"spacer.default\">\n\t\t\t\t<div class=\"elementor-widget-container\">\n\t\t\t\t\t<div class=\"elementor-spacer\">\n\t\t\t<div class=\"elementor-spacer-inner\"><\/div>\n\t\t<\/div>\n\t\t\t\t<\/div>\n\t\t\t\t<\/div>\n\t\t\t\t\t<\/div>\n\t\t<\/div>\n\t\t\t\t\t<\/div>\n\t\t<\/section>\n\t\t\t\t<\/div>\n\t\t","protected":false},"excerpt":{"rendered":"<p>Les journ\u00e9es d\u2019action communautaire associent des \u00e9quipes en milieu de travail \u00e0 des organismes locaux pour leur permettre de travailler ensemble et de participer \u00e0 un projet b\u00e9n\u00e9vole. Les b\u00e9n\u00e9voles en milieu de travail ont alors l\u2019occasion de retrousser leurs manches et de faire don de leur temps, de leurs comp\u00e9tences et de leur expertise. &#8230; <a title=\"Journ\u00e9e d\u2019action communautaire\" class=\"read-more\" href=\"https:\/\/unitedwayeo.mydev.ca\/fr\/engagement\/occasions-de-benevolat\/journee-daction-communautaire\/\" aria-label=\"Plus sur Journ\u00e9e d\u2019action communautaire\">Lire plus<\/a><\/p>\n","protected":false},"author":8,"featured_media":0,"parent":31000,"menu_order":0,"comment_status":"closed","ping_status":"closed","template":"","meta":{"_acf_changed":false,"footnotes":""},"tags":[],"hashtags":[],"regions":[],"class_list":["post-31038","page","type-page","status-publish"],"acf":[],"aioseo_notices":[],"publishpress_future_action":{"enabled":false,"date":"2026-09-12 19:57:37","action":"change-status","newStatus":"draft","terms":[],"taxonomy":"regions"},"_links":{"self":[{"href":"https:\/\/unitedwayeo.mydev.ca\/fr\/wp-json\/wp\/v2\/pages\/31038"}],"collection":[{"href":"https:\/\/unitedwayeo.mydev.ca\/fr\/wp-json\/wp\/v2\/pages"}],"about":[{"href":"https:\/\/unitedwayeo.mydev.ca\/fr\/wp-json\/wp\/v2\/types\/page"}],"author":[{"embeddable":true,"href":"https:\/\/unitedwayeo.mydev.ca\/fr\/wp-json\/wp\/v2\/users\/8"}],"replies":[{"embeddable":true,"href":"https:\/\/unitedwayeo.mydev.ca\/fr\/wp-json\/wp\/v2\/comments?post=31038"}],"version-history":[{"count":4,"href":"https:\/\/unitedwayeo.mydev.ca\/fr\/wp-json\/wp\/v2\/pages\/31038\/revisions"}],"predecessor-version":[{"id":31068,"href":"https:\/\/unitedwayeo.mydev.ca\/fr\/wp-json\/wp\/v2\/pages\/31038\/revisions\/31068"}],"up":[{"embeddable":true,"href":"https:\/\/unitedwayeo.mydev.ca\/fr\/wp-json\/wp\/v2\/pages\/31000"}],"wp:attachment":[{"href":"https:\/\/unitedwayeo.mydev.ca\/fr\/wp-json\/wp\/v2\/media?parent=31038"}],"wp:term":[{"taxonomy":"post_tag","embeddable":true,"href":"https:\/\/unitedwayeo.mydev.ca\/fr\/wp-json\/wp\/v2\/tags?post=31038"},{"taxonomy":"hashtags","embeddable":true,"href":"https:\/\/unitedwayeo.mydev.ca\/fr\/wp-json\/wp\/v2\/hashtags?post=31038"},{"taxonomy":"regions","embeddable":true,"href":"https:\/\/unitedwayeo.mydev.ca\/fr\/wp-json\/wp\/v2\/regions?post=31038"}],"curies":[{"name":"wp","href":"https:\/\/api.w.org\/{rel}","templated":true}]}}

Journée d’action communautaire

<div data-elementor-type="wp-page" data-elementor-id="31038" class="elementor elementor-31038 elementor-29324" data-elementor-post-type="page">
						<section class="elementor-section elementor-top-section elementor-element elementor-element-752fb567 elementor-section-boxed elementor-section-height-default elementor-section-height-default" data-id="752fb567" data-element_type="section">
						<div class="elementor-container elementor-column-gap-default">
					<div class="elementor-column elementor-col-50 elementor-top-column elementor-element elementor-element-5dcced86" data-id="5dcced86" data-element_type="column">
			<div class="elementor-widget-wrap elementor-element-populated">
						<div class="elementor-element elementor-element-59f5b04 elementor-widget elementor-widget-image" data-id="59f5b04" data-element_type="widget" data-widget_type="image.default">
				<div class="elementor-widget-container">
													<img fetchpriority="high" decoding="async" width="800" height="400" src="https://unitedwayeo.mydev.ca/wp-content/uploads/2019/08/community-action-day-header-en.jpg" class="attachment-full size-full wp-image-29322" alt="An illustration of many people standing in front of a city made up of tall buildings surrounded by trees, clouds and green grass." srcset="https://unitedwayeo.mydev.ca/wp-content/uploads/2019/08/community-action-day-header-en.jpg 800w, https://unitedwayeo.mydev.ca/wp-content/uploads/2019/08/community-action-day-header-en-300x150.jpg 300w, https://unitedwayeo.mydev.ca/wp-content/uploads/2019/08/community-action-day-header-en-768x384.jpg 768w" sizes="(max-width: 800px) 100vw, 800px" />													</div>
				</div>
				<div class="elementor-element elementor-element-636e9c26 elementor-widget elementor-widget-heading" data-id="636e9c26" data-element_type="widget" data-widget_type="heading.default">
				<div class="elementor-widget-container">
			<h3 class="elementor-heading-title elementor-size-default">Les journées d’action communautaire associent des équipes en milieu de travail à des organismes locaux pour leur permettre de travailler ensemble et de participer à un projet bénévole. </h3>		</div>
				</div>
				<div class="elementor-element elementor-element-1b22e777 elementor-widget elementor-widget-text-editor" data-id="1b22e777" data-element_type="widget" data-widget_type="text-editor.default">
				<div class="elementor-widget-container">
							<p>Les bénévoles en milieu de travail ont alors l’occasion de retrousser leurs manches et de faire don de leur temps, de leurs compétences et de leur expertise. En se faisant, ils viennent en aide à un organisme communautaire et ont une merveilleuse expérience de renforcement d’équipe. En plus de bénéficier du dynamisme de bénévoles pour des projets spéciaux, les organismes communautaires ont l’occasion de parler de de l’importance de leur travail.</p><p>Les occasions de bénévolat sont variées et gratifiantes. Elles peuvent entre autres comprendre le service des repas aux personnes âgées dans le cadre d’un événement spécial, le nettoyage ou la peinture d’un centre de jeunesse, l’embellissement de parcs, la plantation d’un nouveau jardin ou la prestation de services professionnels.</p>						</div>
				</div>
				<div class="elementor-element elementor-element-4ee169e elementor-widget elementor-widget-button" data-id="4ee169e" data-element_type="widget" data-widget_type="button.default">
				<div class="elementor-widget-container">
					<div class="elementor-button-wrapper">
			<a class="elementor-button elementor-button-link elementor-size-md" href="https://www.eventbrite.ca/e/community-action-day-july-16th-tickets-62587742623" target="_blank">
						<span class="elementor-button-content-wrapper">
									<span class="elementor-button-text">Inscrivez-vous dès maintenant</span>
					</span>
					</a>
		</div>
				</div>
				</div>
				<div class="elementor-element elementor-element-b7a5ccd elementor-widget elementor-widget-image" data-id="b7a5ccd" data-element_type="widget" data-widget_type="image.default">
				<div class="elementor-widget-container">
													<img decoding="async" width="625" height="438" src="https://unitedwayeo.mydev.ca/wp-content/uploads/2019/08/cad-thumbnail.jpg" class="attachment-full size-full wp-image-29325" alt="A photo of Community Action Day participants." srcset="https://unitedwayeo.mydev.ca/wp-content/uploads/2019/08/cad-thumbnail.jpg 625w, https://unitedwayeo.mydev.ca/wp-content/uploads/2019/08/cad-thumbnail-300x210.jpg 300w" sizes="(max-width: 625px) 100vw, 625px" />													</div>
				</div>
					</div>
		</div>
				<div class="elementor-column elementor-col-50 elementor-top-column elementor-element elementor-element-fa321fb" data-id="fa321fb" data-element_type="column">
			<div class="elementor-widget-wrap elementor-element-populated">
						<div class="elementor-element elementor-element-c16d809 elementor-widget elementor-widget-heading" data-id="c16d809" data-element_type="widget" data-widget_type="heading.default">
				<div class="elementor-widget-container">
			<h5 class="elementor-heading-title elementor-size-default">Plus d'information</h5>		</div>
				</div>
				<div class="elementor-element elementor-element-79c98c8 elementor-widget elementor-widget-text-editor" data-id="79c98c8" data-element_type="widget" data-widget_type="text-editor.default">
				<div class="elementor-widget-container">
							<p><em>Pour obtenir de plus amples renseignements, veuillez communiquer avec Jennifer Bazinet, par courriel, à </em><a href="mailto:jbazinet@centraideeo.ca"><em>jbazinet@centraideeo.ca</em></a></p>						</div>
				</div>
					</div>
		</div>
					</div>
		</section>
				<section class="elementor-section elementor-top-section elementor-element elementor-element-6da2c7a9 elementor-section-boxed elementor-section-height-default elementor-section-height-default" data-id="6da2c7a9" data-element_type="section">
						<div class="elementor-container elementor-column-gap-default">
					<div class="elementor-column elementor-col-100 elementor-top-column elementor-element elementor-element-6e69e1f6" data-id="6e69e1f6" data-element_type="column">
			<div class="elementor-widget-wrap elementor-element-populated">
						<div class="elementor-element elementor-element-4e739950 elementor-widget elementor-widget-spacer" data-id="4e739950" data-element_type="widget" data-widget_type="spacer.default">
				<div class="elementor-widget-container">
					<div class="elementor-spacer">
			<div class="elementor-spacer-inner"></div>
		</div>
				</div>
				</div>
					</div>
		</div>
					</div>
		</section>
				</div>

<p>Les journées d’action communautaire associent des équipes en milieu de travail à des organismes locaux pour leur permettre de travailler ensemble et de participer à un projet bénévole. Les bénévoles en milieu de travail ont alors l’occasion de retrousser leurs manches et de faire don de leur temps, de leurs compétences et de leur expertise. &#8230; <a title="Journée d’action communautaire" class="read-more" href="https://unitedwayeo.mydev.ca/fr/engagement/occasions-de-benevolat/journee-daction-communautaire/" aria-label="Plus sur Journée d’action communautaire">Lire plus</a></p>
